{"id":1063,"date":"2021-11-16T09:03:40","date_gmt":"2021-11-16T08:03:40","guid":{"rendered":"https:\/\/dotnet-sas.net\/?page_id=1063"},"modified":"2021-11-19T15:48:51","modified_gmt":"2021-11-19T14:48:51","slug":"recrutement-conseiller-conseillere-commerciale-sedentaire","status":"publish","type":"page","link":"https:\/\/www.dotnet-sas.net\/index.php\/recrutement-conseiller-conseillere-commerciale-sedentaire\/","title":{"rendered":"Conseiller(\u00e8re) commercial(e) s\u00e9dentaire"},"content":{"rendered":"<div data-colibri-id=\"1063-c1\" class=\"style-824 style-local-1063-c1 position-relative\">\n  <!---->\n  <div data-colibri-component=\"section\" data-colibri-id=\"1063-c2\" id=\"overlappable\" class=\"h-section h-section-global-spacing d-flex align-items-lg-center align-items-md-center align-items-center style-829 style-local-1063-c2 position-relative\">\n    <!---->\n    <!---->\n    <div class=\"h-section-grid-container h-section-boxed-container\">\n      <!---->\n      <div data-colibri-id=\"1063-c3\" class=\"h-row-container gutters-row-lg-0 gutters-row-md-0 gutters-row-2 gutters-row-v-lg-0 gutters-row-v-md-0 gutters-row-v-2 style-830 style-local-1063-c3 position-relative\">\n        <!---->\n        <div class=\"h-row justify-content-lg-center justify-content-md-center justify-content-center align-items-lg-stretch align-items-md-stretch align-items-stretch gutters-col-lg-0 gutters-col-md-0 gutters-col-2 gutters-col-v-lg-0 gutters-col-v-md-0 gutters-col-v-2\">\n          <!---->\n          <div class=\"h-column h-column-container d-flex h-col-lg-12 h-col-md-12 h-col-12 style-831-outer style-local-1063-c4-outer\">\n            <div data-colibri-id=\"1063-c4\" class=\"d-flex h-flex-basis h-column__inner h-px-lg-3 h-px-md-3 h-px-2 v-inner-lg-3 v-inner-md-3 v-inner-2 style-831 style-local-1063-c4 position-relative\">\n              <!---->\n              <!---->\n              <div class=\"w-100 h-y-container h-column__content h-column__v-align flex-basis-100 align-self-lg-start align-self-md-start align-self-start\">\n                <!---->\n                <div data-colibri-id=\"1063-c5\" class=\"h-lead h-text h-text-component style-834 style-local-1063-c5 position-relative h-element\">\n                  <!---->\n                  <!---->\n                  <div class=\"\">\n                    <p>Vos&nbsp;<strong style=\"font-weight: 600;\">principales missions<\/strong>&nbsp;s\u2019articuleront autour du&nbsp;<strong style=\"font-weight: 600;\">conseil client\u00e8le, de la prospection, et du suivi des<\/strong>&nbsp;<strong style=\"font-weight: 600;\">clients<\/strong>&nbsp;utilisateurs\n                      de nos solutions logicielles.<\/p>\n                    <p><strong style=\"font-weight: 600;\">&nbsp;Comp\u00e9tences recherch\u00e9es :<\/strong><\/p>\n                    <ul>\n                      <li>Ma\u00eetrise des outils bureautiques et logiciels<\/li>\n                      <li>Excellente ma\u00eetrise d\u2019Internet et des mails<\/li>\n                    <\/ul>\n                    <p>\n                      <br>\n                    <\/p>\n                    <p><strong style=\"font-weight: 600;\">Missions :<\/strong><\/p>\n                    <ul>\n                      <li>Relances des clients ARC et ARP<\/li>\n                      <li>Relances impay\u00e9s<\/li>\n                      <li>Traitement mails et appels entrants\/sortants<\/li>\n                      <li>Veille m\u00e9tier<\/li>\n                      <li>Traitement Tchat<\/li>\n                      <li>Encaissements<\/li>\n                      <li>Facturation\/administratif<\/li>\n                      <li>Prospection \u00e0 distance (pas de d\u00e9placement chez les clients)<\/li>\n                    <\/ul>\n                    <p>\n                      <br>\n                    <\/p>\n                    <p><strong style=\"font-weight: 600;\">Profil :<\/strong><\/p>\n                    <p>Vous \u00eates&nbsp;<strong style=\"font-weight: 600;\">disponible d\u00e8s \u00e0 pr\u00e9sent<\/strong>.&nbsp;<strong style=\"font-weight: 600;\">Organis\u00e9<\/strong>(e) et&nbsp;<strong style=\"font-weight: 600;\">rigoureux<\/strong>(euse), vous savez travailler&nbsp;\n                      <strong\n                        style=\"font-weight: 600;\">en autonomie<\/strong>&nbsp;ou&nbsp;<strong style=\"font-weight: 600;\">en \u00e9quipe<\/strong>, en pr\u00e9sentiel ou \u00e0 distance.<\/p>\n                    <p>\n                      <br>\n                    <\/p>\n                  <\/div>\n                <\/div>\n                <div data-colibri-id=\"1063-c6\" class=\"h-x-container style-987 style-local-1063-c6 position-relative h-element\">\n                  <!---->\n                  <div class=\"h-x-container-inner style-dynamic-1063-c6-group style-987-spacing style-local-1063-c6-spacing\"><span class=\"h-button__outer style-988-outer style-local-1063-c7-outer d-inline-flex h-element\"><a h-use-smooth-scroll=\"true\" href=\"https:\/\/dotnet-sas.net\/index.php\/recrutement\/#contact\"  data-colibri-id=\"1063-c7\" class=\"d-flex w-100 align-items-center h-button justify-content-lg-center justify-content-md-center justify-content-center style-988 style-local-1063-c7 position-relative\"><!----><!----> <span>Postuler \u279c<\/span><\/a>\n                    <\/span>\n                  <\/div>\n                <\/div>\n              <\/div>\n            <\/div>\n          <\/div>\n        <\/div>\n      <\/div>\n    <\/div>\n  <\/div>\n<\/div>","protected":false},"excerpt":{"rendered":"<p>Vos&nbsp;principales missions&nbsp;s\u2019articuleront autour du&nbsp;conseil client\u00e8le, de la prospection, et du suivi des&nbsp;clients&nbsp;utilisateurs de nos solutions logicielles. &nbsp;Comp\u00e9tences recherch\u00e9es : Ma\u00eetrise des outils bureautiques et logiciels Excellente ma\u00eetrise d\u2019Internet et des mails Missions : Relances des clients ARC et ARP Relances impay\u00e9s Traitement mails et appels entrants\/sortants Veille m\u00e9tier Traitement Tchat Encaissements Facturation\/administratif Prospection \u00e0 distance [&hellip;]<\/p>\n","protected":false},"author":1,"featured_media":0,"parent":0,"menu_order":0,"comment_status":"closed","ping_status":"closed","template":"page-templates\/full-width-page.php","meta":[],"_links":{"self":[{"href":"https:\/\/www.dotnet-sas.net\/index.php\/wp-json\/wp\/v2\/pages\/1063"}],"collection":[{"href":"https:\/\/www.dotnet-sas.net\/index.php\/wp-json\/wp\/v2\/pages"}],"about":[{"href":"https:\/\/www.dotnet-sas.net\/index.php\/wp-json\/wp\/v2\/types\/page"}],"author":[{"embeddable":true,"href":"https:\/\/www.dotnet-sas.net\/index.php\/wp-json\/wp\/v2\/users\/1"}],"replies":[{"embeddable":true,"href":"https:\/\/www.dotnet-sas.net\/index.php\/wp-json\/wp\/v2\/comments?post=1063"}],"version-history":[{"count":20,"href":"https:\/\/www.dotnet-sas.net\/index.php\/wp-json\/wp\/v2\/pages\/1063\/revisions"}],"predecessor-version":[{"id":1860,"href":"https:\/\/www.dotnet-sas.net\/index.php\/wp-json\/wp\/v2\/pages\/1063\/revisions\/1860"}],"wp:attachment":[{"href":"https:\/\/www.dotnet-sas.net\/index.php\/wp-json\/wp\/v2\/media?parent=1063"}],"curies":[{"name":"wp","href":"https:\/\/api.w.org\/{rel}","templated":true}]}}